of 13?
True
Let n be 147/(-28) - 1/(-4). Let p = 5 + n. Suppose 0 = -p*l - 5*l + 255. Is l a multiple of 15?
False
Let k = 20 - 12. Suppose -4*f + 4 = -k. Suppose 2*a = 6*a - 5*w - 10, f*a - 19 = -2*w. Does 2 divide a?
False
Let d(x) = x**3 - 7*x**2 + 5*x - 5. Let n be d(5). Let p = n - -62. Does 8 divide p?
True
Suppose r + 1 = 2*x, -5*r + 0*r = -25. Suppose 59 = x*u + 20. Does 13 divide u?
True
Let z(p) = -p**3 + 11*p**2 - 10. Is z(10) a multiple of 30?
True
Let f be (-1 - 3)*14/(-8). Let n(y) be the third derivative of y**4/24 + 2*y**3/3 - 10*y**2. Does 5 divide n(f)?
False
Let j(u) be the third derivative of -u**6/120 - u**5/30 + 7*u**4/24 + u**3 - u**2. Let g be j(-4). Is (-4)/g - 528/(-20) a multiple of 13?
True
Suppose -23 = 4*l + 9. Let u = l - -12. Does 4 divide u?
True
Let g = -29 - -45. Is g a multiple of 2?
True
Suppose 3*b + 16 = 4*c, b = -4*b + 3*c - 23. Does 3 divide (-29)/b - 1/4?
False
Let n = 137 - -206. Is 21 a factor of n?
False
Suppose 0 = 2*r - 35 - 91. Does 16 divide r?
False
Let u(b) be the third derivative of -b**4/24 - 2*b**3/3 + b**2. Let y be u(-5). Is 2 a factor of 3/(1*(0 + y))?
False
Let o(j) = 2*j**2 - 4*j - 1. Does 17 divide o(-4)?
False
Suppose 2*c = -2*p + 192, -4*c + 419 = 2*p + 29. Is c a multiple of 30?
False
Let a be -1 - 3/2*-2. Let s be (-6)/(2/a - 3). Is (20/12)/(1/s) a multiple of 5?
True
Let f(m) = 2*m**2 - 4*m + 3. Let u be f(2). Suppose u*b + 8 = 83. Is b a multiple of 8?
False
Let l = 9 + 14. Is 5 a factor of l?
False
Let r = 0 + 24. Let m(w) = -w**2 + 4*w + 5. Let u be m(4). Suppose u*b - 4*b = r. Is b a multiple of 12?
True
Suppose 0 = 2*r + 12 - 2. Let t be r*((-354)/(-15))/(-2). Suppose -4*m - 4*b + 9*b = -t, 0 = 3*m - 4*b - 45. Is 10 a factor of m?
False
Let b = 3 - -9. Let z be b/(-2) - -3 - -27. Is (z - 2) + (-4)/(-2) a multiple of 8?
True
Let o = 4 - 4. Suppose 5*r + 0*r - 105 = o. Is ((-36)/42)/((-1)/r) a multiple of 14?
False
Suppose 5*r - 185 = -35. Does 12 divide r?
False
Let a be -3 + 2 - 3/(-1). Suppose 160 = 5*d + 3*s - 224, 0 = a*d - s - 147. Is d a multiple of 29?
False
Suppose -4*d = 3 + 5, x + 3 = -4*d. Suppose 4*n - 54 = -0*n + 3*z, 52 = 5*n + 4*z. Let o = x + n. Is 12 a factor of o?
False
Let z be 3*-1 - (-5 + -34). Let p = z + -22. Is p a multiple of 7?
True
Is -36*(-2 + 16/12) a multiple of 6?
True
Let r be 27/9 + 0 + 1. Let v be 3 + (-9)/(-1 + r). Does 8 divide 8/(-5)*(-5 - v)?
True
Let w be (-2 - -5)/((-1)/(-1)). Let n(b) = -b + 11. Let p be n(7). Suppose -5*f + 100 = 5*a, 6*f - w*f = -p*a + 62. Is f a multiple of 8?
False
Suppose -4*m = 4*r - 172, 5*m + 0*r - 260 = 4*r. Is 18 a factor of m?
False
Suppose -8*z + 7200 = 12*z. Is z a multiple of 60?
True
Does 11 divide (-18)/12*82/(-3)?
False
Suppose -4*n + 9 = c, 1 = n - 0*c - c. Suppose -n*x + 0 = -12. Suppose x*k - k = 35. Does 7 divide k?
True
Let u(v) = v + 19. Let o(j) = -j**3 - 4*j**2 + 4*j - 5. Let t be o(-5). Does 6 divide u(t)?
False
Let l(o) = o**3 + 5*o**2 + 4*o + 8. Is l(-4) a multiple of 2?
True
Let t = -30 - -51. Let j = t + -14. Is j a multiple of 7?
True
Let t = 139 + -130. Is 9 a factor of t?
True
Suppose 4*d + 58 = 5*d. Suppose 2*l - d = -20. Is 15 a factor of l?
False
Let d(p) = 2*p**2 + 5*p + 5. Let l be d(-9). Let c = -86 + l. Does 12 divide c?
True
Suppose -3*a + 5*i = 38, -4*i - 4 - 10 = 5*a. Does 11 divide (21/a)/(-7)*64?
False
Let o = 0 + 25. Is o a multiple of 25?
True
Let x = 7 + 11. Does 18 divide x?
True
Suppose -4*p + 9*p = -20. Is 9 a factor of 18/p*6/(-3)?
True
Suppose 5*v = -4*y + 79, -2*y + 4*v = 5*v - 47. Is y a multiple of 13?
True
Suppose 0 = -3*f + 60 + 12. Does 6 divide f?
True
Let d(j) = -2*j**2 - 16*j - 16. Suppose -2*n + 6*n + 3*g = 23, 3*g = 3*n - 33. Let c(x) = x**2 + 5*x + 5. Let q(o) = n*c(o) + 3*d(o). Is 19 a factor of q(8)?
False
Let n be (-6)/4 - (-116)/8. Let r = 21 - n. Is 5 a factor of r?
False
Let s be (-2)/3 - (-30)/45. Suppose s*m = -2*m + 120. Is 12 a factor of m?
True
Let p(k) = -k**2 + 4*k - 1. Let u be p(2). Let q be (u + -2)*2*5. Let b = 22 - q. Does 6 divide b?
True
Suppose 0 = -4*w + 5*w - 4. Suppose 6 + 6 = w*y. Is (1 - y)/((-2)/13) a multiple of 6?
False
Let i be 1 + -3 + (-316)/(-2). Let m(c) = -c - 5. Let s be m(-9). Suppose 0*r + s*r + 4*f = i, -8 = 4*f. Is 14 a factor of r?
False
Let z = 1 + 1. Is (-3)/(-6) + 7/z a multiple of 3?
False
Let v(l) = l**3 + 18*l**2 + 30*l + 32. Is 11 a factor of v(-16)?
False
Let c(g) = g**3 - 11*g**2 + 9*g - 8. Let r(k) = -2*k**3 + 21*k**2 - 17*k + 16. Let s(z) = 5*c(z) + 3*r(z). Let a be s(7). Let j = a - 6. Is 6 a factor of j?
False
Suppose 0*r - 5*r = -265. Suppose 0 = 5*u + r - 163. Is 22 a factor of u?
True
Let z(s) be the first derivative of s**4/4 - 8*s**3/3 + 4*s**2 + 3*s + 5. Is z(7) a multiple of 10?
True
Is 6 a factor of (8 + -2)/((-3)/(-4))?
False
Let w(a) = -4*a. Let l be w(-2). Suppose -7 - l = -s. Is s a multiple of 15?
True
Suppose -2*j = 2*m, 3*j + 1 = -5*m + 3. Let u be m/2*0/(-4). Suppose u*x = -x + 4. Is 4 a factor of x?
True
Let f be 4/6 + 222/18. Suppose 2*t + 4 + f = n, -4*n = 4*t - 20. Is n a multiple of 9?
True
Does 14 divide 41/3 - (-5)/15?
True
Let z = -356 + 552. Does 14 divide z/8 + 2/(-4)?
False
Let b = -9 - 44. Let m = 38 + b. Let r = 25 - m. Is 22 a factor of r?
False
Let v(k) = k**2 + k - 1. Let c be v(-3). Let a = -1 + c. Does 2 divide a?
True
Let q = 10 - 7. Suppose 0 = -h + q*h - 50. Suppose 2*x + 3*x = h. Does 4 divide x?
False
Suppose 3*c - 27 = c + 5*r, 0 = -c - 4*r + 46. Does 13 divide c?
True
Suppose 0 = -5*q + 2*z + 65, 0*q - 5*z + 10 = -q. Is q a multiple of 15?
True
Let t(s) = 19*s + 7. Is 7 a factor of t(1)?
False
Let a(j) = j**3 + 3*j**2 - 5*j - 2. Let q be a(-4). Suppose q*i + 3*i = 15. Is i a multiple of 3?
True
Suppose -h - 37 - 9 = -4*u, -30 = -3*u + 3*h. Does 4 divide u?
True
Let u = 31 + 22. Does 15 divide u?
False
Let v(l) = -l**3 - 4*l**2 - 6*l. Let z(i) = -i. Let w be z(4). Is v(w) a multiple of 12?
True
Let w(t) be the third derivative of -2*t**4/3 - t**3/6 - t**2. Suppose l - 4*l - 3 = 0. Is 15 a factor of w(l)?
True
Suppose 60 + 10 = -5*c. Let g = c + 31. Is 9 a factor of g + 1/(2 - 1)?
True
Let s(g) = 3*g - 2. Let u be s(2). Let r be u - 2 - 3 - -151. Suppose -2*h + r = h. Is 24 a factor of h?
False
Let w(x) = x + 10. Does 10 divide w(9)?
False
Let u(w) = -2*w + 4. Suppose d + 2 + 2 = 0. Is u(d) a multiple of 4?
True
Suppose 0 = -2*a + 5*j - j, -2*a = 4*j - 16. Let k be a - 3 - 1*-3. Suppose 3*z - 17 = k. Is z a multiple of 3?
False
Let g(f) = f**3 - 10*f**2 - 3*f + 4*f**3 + 6*f - 4*f**3. Is g(10) a multiple of 15?
True
Suppose -2*z = -z - 3*m - 70, 5*z - 2*m = 324. Suppose 0*l - 31 = -k + 2*l, -5*l = -2*k + z. Is 13 a factor of k?
False
Let g(a) = -a**2 - 16*a - 17. Let t(x) = 2*x**2 + 31*x + 33. Let p(v) = -11*g(v) - 6*t(v). Let n be p(-8). Suppose 0 = -0*l + n*l - 290. Is l a multiple of 22?
False
Suppose -4 = h, 2*h = -s - 3*s + 4. Suppose 3*a - 6 = -s*i, 4*a + 17 = 2*i + 1. Is 3 a factor of i?
False
Suppose x = 2*q + 10, 0 = 5*q + x - 6*x + 15. Let g = 9 - q. Does 7 divide g - 1*(2 + -1)?
False
Let n(x) = -x**2 - 4*x - 3. Let i be n(-3). Let c be i - 1*8/(-2). Suppose -2*h = u - 21 + c, -3*h = 5*u - 120. Is u a multiple of 16?
False
Suppose -2*n = 5 + 1, -2*o - 3*n = -233. Is 11 a factor of o?
True
Let n = -12 + 17. Suppose m - 3*j - 7 = -6*j, 3 = -n*m + 4*j. Suppose 2*k + m - 9 = 0. Is k a multiple of 3?
False
Let g(x) = 12*x + 3. Let l be g(4). Suppose -2*p - 42 = h, -l = h + 3*p + 2*p. Let q = 50 + h. Does 7 divide q?
True
Suppose 4*i + 3 = i. Does 20 divide ((-20)/(-25))/(i/(-65))?
False
Let n be -1 + 4 - (0 - -1). Suppose -n*w + 4*w - 8 = 0. Suppose -w*r = -r - p - 20, -r + 5*p + 2 = 0. Does 5 divide r?
False
Suppose 5*n = -3*j + 14 + 9, -2 = -2*j. Suppose 0 = -0*s + n*s - 24. Is s a multiple of 5?
False
Let h(r) = r**2 - 11*r - 2*r**2 - 76 + 71. Let w be ((-21)/(-6))/(1/(-2)). Is 9 a factor of h(w)?
False
Suppose -s = -4*s + 171. Does 22 divide s?
False
Suppose 19 = 5*o + 4. Let j = 19 + o. Is 11 a factor of j?
True
Let n = -53 + 103. Is n a multiple of 19?
False
Let c(u) = 2*u + 2. Let a be c(6). Suppose -4*g - 3 - 13 = 0, -w = 4*g - 8. Let i = w - a. Is 10 a factor of i?
True
Suppose -k = -i - 6*k + 10, 0 = -i + 5*k. Let g(p) = 3*p**2 - p - 7. Let o b